of 23002263?
False
Is 3 a factor of 19113046?
False
Does 677 divide 997873047?
False
Is 29 a factor of 27868262?
False
Does 53 divide 7888202?
True
Does 106 divide 919523813?
False
Is 18 a factor of 327627498?
False
Is 2889351993 a multiple of 1063?
True
Is 14 a factor of 128287026?
True
Is 273 a factor of 197818530?
True
Is 2659080 a multiple of 83?
False
Is 26 a factor of 18833334?
True
Does 210 divide 15337138?
False
Does 12 divide 258987474?
False
Does 45 divide 14741145?
True
Is 1035 a factor of 110192310?
True
Is 104924952 a multiple of 88?
True
Does 59 divide 1029060137?
False
Is 125866975 a multiple of 775?
True
Is 993 a factor of 29407695?
True
Is 1266113772 a multiple of 1456?
False
Is 17 a factor of 117831964?
True
Is 17 a factor of 1261839172?
False
Does 3 divide 30937299?
True
Does 25 divide 2780817900?
True
Does 172 divide 1541165466?
False
Is 48615841 a multiple of 28?
False
Is 195 a factor of 213932874?
False
Is 1431702419 a multiple of 31?
True
Is 3677640922 a multiple of 21?
False
Is 131498940 a multiple of 78?
False
Does 22 divide 1861593676?
False
Does 1309 divide 46442011?
True
Is 24 a factor of 28335504?
True
Is 1068 a factor of 3044444973?
False
Is 74104427 a multiple of 827?
False
Is 10269 a factor of 345592926?
True
Is 666814047 a multiple of 4307?
True
Is 11 a factor of 158799276?
False
Is 122879614 a multiple of 11?
True
Does 971 divide 712930881?
False
Is 27165754 a multiple of 154?
True
Does 10 divide 29395380?
True
Is 6 a factor of 42497754?
True
Does 21 divide 4368200809?
False
Is 138543106 a multiple of 26?
True
Does 1005 divide 29052099?
False
Is 12 a factor of 5042074710?
False
Is 18 a factor of 542988918?
True
Is 34 a factor of 26105176?
False
Is 102191908 a multiple of 559?
True
Does 58 divide 455903026?
True
Does 1135 divide 132715432?
False
Does 1453 divide 4022290498?
True
Does 91 divide 21346598?
True
Is 8 a factor of 343445327?
False
Is 56 a factor of 455722064?
True
Does 171 divide 18157635?
True
Is 34 a factor of 20761930?
True
Does 63 divide 49553847?
True
Is 310556636 a multiple of 403?
True
Is 12391054 a multiple of 26?
True
Is 1115697449 a multiple of 28?
False
Does 140 divide 957550440?
True
Does 5 divide 798296392?
False
Does 35 divide 16084320?
True
Is 76 a factor of 79652088?
False
Does 91 divide 3942120?
True
Is 149620150 a multiple of 50?
True
Is 12032824 a multiple of 13?
False
Does 1092 divide 527354100?
True
Is 40 a factor of 14214665?
False
Does 34 divide 131021516?
True
Does 2484 divide 164625221?
False
Is 1421 a factor of 434784126?
False
Does 83 divide 131240108?
False
Is 4 a factor of 478748871?
False
Is 16 a factor of 86011280?
True
Is 944837360 a multiple of 424?
True
Does 235 divide 106124401?
False
Is 161 a factor of 161679903?
True
Is 1956380457 a multiple of 66?
False
Is 11807937 a multiple of 27?
True
Is 13105440 a multiple of 480?
True
Is 433 a factor of 35676602?
True
Is 23450028 a multiple of 1596?
True
Is 6 a factor of 22736584?
False
Is 303798966 a multiple of 720?
False
Is 230138120 a multiple of 1938?
False
Is 713604376 a multiple of 248?
True
Does 12 divide 1443113952?
True
Is 130659393 a multiple of 147?
False
Is 2174785020 a multiple of 11?
False
Is 21793086 a multiple of 42?
True
Is 8644693 a multiple of 242?
False
Does 76 divide 232893757?
False
Does 580 divide 24729460?
True
Is 83 a factor of 5079102?
True
Does 111 divide 176364764?
False
Is 66 a factor of 652138381?
False
Is 126 a factor of 7801915?
False
Is 15213968 a multiple of 176?
True
Is 4774092 a multiple of 38?
True
Is 7 a factor of 25122313?
False
Is 1442057965 a multiple of 4481?
False
Is 49 a factor of 1767237564?
False
Is 433 a factor of 26931667?
False
Does 405 divide 83337255?
True
Is 43 a factor of 175127?
False
Is 184 a factor of 864006159?
False
Is 12 a factor of 18062220?
True
Is 190425325 a multiple of 950?
False
Is 25 a factor of 65857614?
False
Is 9 a factor of 22733739?
True
Is 58 a factor of 15340742?
False
Does 67 divide 14859729?
True
Is 248274405 a multiple of 15?
True
Is 7046 a factor of 2340512096?
True
Does 64 divide 24590111?
False
Is 15924732 a multiple of 142?
True
Is 401492829 a multiple of 1203?
True
Does 150 divide 1310014902?
False
Is 2642 a factor of 511758042?
True
Is 2429891210 a multiple of 8725?
False
Is 148 a factor of 271116554?
False
Is 5101 a factor of 915524855?
False
Does 46 divide 23145038?
True
Is 1793 a factor of 5235405056?
False
Is 10435915 a multiple of 2099?
False
Is 143411534 a multiple of 19?
False
Does 1000 divide 105227000?
True
Is 294790750 a multiple of 1685?
True
Is 46 a factor of 184129565?
False
Is 299 a factor of 2477279883?
True
Is 212373712 a multiple of 712?
False
Does 205 divide 37247065?
True
Does 15 divide 186276045?
True
Is 938947 a multiple of 34?
False
Does 291 divide 28132716?
True
Does 12 divide 1539862?
False
Is 225450134 a multiple of 182?
True
Is 29293498 a multiple of 454?
False
Is 732707745 a multiple of 129?
True
Does 24 divide 51891969?
False
Is 16 a factor of 637144964?
False
Does 24 divide 444205320?
True
Is 2504 a factor of 1451618?
False
Does 244 divide 14281320?
True
Is 14 a factor of 189253665?
False
Is 46317936 a multiple of 987?
True
Is 97 a factor of 1773384854?
False
Is 3396775 a multiple of 6?
False
Does 4 divide 237341009?
False
Is 2689 a factor of 326285918?
False
Does 387 divide 77602310?
False
Does 6 divide 21750402?
True
Is 538 a factor of 661908394?
True
Is 135189656 a multiple of 14?
True
Is 162 a factor of 1659670178?
False
Is 7 a factor of 1399799?
False
Is 48 a factor of 199304160?
True
Is 963 a factor of 969612507?
False
Is 790 a factor of 60538467?
False
Is 68230938 a multiple of 3534?
True
Is 2211546939 a multiple of 10399?
False
Does 162 divide 24300162?
True
Does 75 divide 56444625?
True
Does 105 divide 274633485?
True
Is 153421086 a multiple of 3458?
True
Does 134 divide 394033432?
True
Is 54374024 a multiple of 46?
True
Does 42 divide 21992964?
True
Does 13 divide 93024399?
True
Does 833 divide 2711236078?
False
Is 22 a factor of 365180486?
True
Is 153 a factor of 6820908?
False
Is 9 a factor of 324339003?
True
Is 8 a factor of 18976776?
True
Does 2508 divide 218448827?
False
Is 32341990 a multiple of 1445?
True
Is 3583956950 a multiple of 131?
True
Does 23 divide 20338205?
False
Is 4246080 a multiple of 10?
True
Does 24 divide 445276949?
False
Is 103 a factor of 21896873?
True
Is 411 a factor of 244370325?
True
Does 1493 divide 1522547963?
True
Is 5 a factor of 74683155?
True
Is 272051640 a multiple of 1260?
True
Does 297 divide 301933326?
False
Is 300889200 a multiple of 24?
True
Does 1647 divide 20653662?
False
Is 97849606 a multiple of 1838?
True
Does 41 divide 135313915?
False
Is 80 a factor of 774816049?
False
Is 256 a factor of 7447074?
False
Is 313 a factor of 400197418?
True
Is 64 a factor of 608008896?
True
Does 5 divide 966278219?
False
Is 117902508 a multiple of 61?
True
Is 1412114489 a multiple of 383?
True
Is 28128555 a multiple of 585?
True
Does 783 divide 71914635?
True
Does 13 divide 179129743?
True
Does 16693 divide 5544897117?
True
Does 1170 divide 51738958?
False
Is 1511 a factor of 41564588?
True
Does 51 divide 572725257?
True
Is 3658440 a multiple of 172?
True
Does 276 divide 58506864?
False
Does 53 divide 123361597?
False
Is 326294650 a multiple of 3025?
True
Is 133854427 a multiple of 89?
False
Is 5857137 a multiple of 1599?
True
Does 56 divide 344649107?
False
Does 22 divide 25756563?
False
Does 8 divide 198818330?
False
Is 7229905 a multiple of 15?
False
Is 34 a factor of 71272330?
True
Does 89 divide 34553182?
True
Is 83 a factor of 28839946?
False
Is 756 a factor of 27724857?
False
Does 102 divide 3356951172?
True
Is 2753112274 a multiple of 3509?
True
Is 10 a factor of 22216840?
True
Does 16 divide 4948984784?
True
Does 36 divide 37639788?
False
Does 7 divide 1712131277?
False
Is 208 a factor of 376742288?
True
Is 914 a factor of 93248108?
True
Does 16 divide 1548863632?
True
Does 800 divide 712226400?
True
Does 463 divide 1451670587?
False
Does 31 divide 139437570?
False
Is 259 a factor of 2163306047?
True
Is 19 a factor of 38984748?
False
Is 17621760 a multiple of 640?
True
Does 2586 divide 158444220?
True
Is 3543820 a multiple of 35?
True
Is 342 a factor of 64767704?
F